 f = 683 - 683. Suppose -2*u - t + 121 = f, -5*u - 5*t + 147 + 158 = 0. Calculate the remainder when 178 is divided by u.
58
Suppose 0 = -28*g + 27*g + 90. Suppose -7*j + j + g = 0. What is the remainder when 86 is divided by j?
11
Suppose 2026 + 5829 = 247*r - 7212. Calculate the remainder when 536 is divided by r.
48
Let r be (15/(-12))/(69/(-12) + 6). Let h(t) = t**3 + 6*t**2 - 8*t - 11. Calculate the remainder when h(r) is divided by (4/6)/((-4)/(-114)).
16
Let w(y) = 4*y**2 + 12*y + 113. What is the remainder when w(-22) is divided by 39?
30
Suppose -93 = -3*g + 636. Let s = g + -232. Let j = 60 + -6. Calculate the remainder when j is divided by s.
10
Let y = -11 - -6. Let a(x) = 4*x**2 - x + 4. Suppose 3*d + k - 47 = 0, 6*d - 11*d + 3*k + 55 = 0. Calculate the remainder when a(y) is divided by d.
11
Calculate the remainder when 230 is divided by (-162)/144*-8 - -78.
56
What is the remainder when 265/106*(-192)/(-5) is divided by 74?
22
Suppose -j + 201 = 4*m - 84, j = 5*m - 354. Calculate the remainder when 11281 is divided by m.
63
Let b = 96 + -69. Let f be (4/(-16)*b)/((-6)/16). Suppose -f*v = -6*v - 240. What is the remainder when 33 is divided by v?
13
Let w(r) = -4*r + 62. Let j be w(7). Suppose q + u + j = 2*q, -107 = -3*q + 4*u. Calculate the remainder when 70 is divided by q.
12
Suppose 0 = -5*i - 3340 + 3855. Let w = -94 - -1. Let j = w + i. What is the remainder when j is divided by 6?
4
What is the remainder when 199 is divided by (-154 + 150)*(-2)/8*121?
78
Suppose y = -5*t + 568, -104*t = -101*t - 2*y - 359. What is the remainder when 137 is divided by t?
22
Suppose 3*b = -2*p + 198, 66*b - 70*b + 114 = p. Calculate the remainder when p is divided by -7*(1 - (0 + 2)).
6
Let r(l) = 9*l + 54. Let n be r(-4). Suppose 2*d - 3*u = 39, 24 = -5*d - 5*u + 134. What is the remainder when (n/(-16))/(-3) + (-9030)/(-112) is divided by d?
18
Suppose 0 = -81*m + 101*m - 54563 + 13263. Calculate the remainder when m is divided by 94.
91
Suppose 16*s - 22 = 938. Suppose -341*m + s = -338*m. What is the remainder when 157 is divided by m?
17
Suppose 4*m - 8*u = 1000, 4*u + 214 = 5*m - 1024. Calculate the remainder when m is divided by 9.
3
Let z(h) = h - 6 + 6 + 2*h**2 + 3*h**2. Let w be z(-3). Calculate the remainder when w*-3*-2*(-4)/(-24) is divided by 22.
20
Suppose 4*w - 19 = 1, -5*s - w + 250 = 0. Calculate the remainder when s is divided by 3.
1
Suppose -7*l - 83 = -d - 3*l, l - 2 = 0. Suppose -d*b = -82*b - 1008. What is the remainder when b is divided by 38?
36
Suppose -5*b - h = -16, 5*b - 6*h - 12 = -8*h. What is the remainder when 82/b + 7/(-14) is divided by 15?
5
Let g(z) = 8*z - 16. Let s be g(2). Suppose 0*c + 5*c - 25 = 0. Suppose 7*p - c*p - 54 = s. What is the remainder when p is divided by 6?
3
Let r = 13527 + -13006. What is the remainder when r is divided by 89?
76
Let t = 1484 - 1396. What is the remainder when 455 is divided by t?
15
What is the remainder when -8 - (740/(-111))/((-4)/(-2634)) is divided by 34?
30
Suppose -384 = 27*v - 26*v. Let g = -361 - v. What is the remainder when 81 is divided by g?
12
Suppose 3*m + 5*j + 38 = 0, -11*m - j = 2760 - 2846. Suppose 4*y - 838 = 46. What is the remainder when y is divided by m?
5
Let v be ((-1)/3 + (-5 - -6))*3. Suppose -2*a - v*a + 272 = 0. Calculate the remainder when a is divided by 14.
12
Suppose 2*m = -4*z + 2030, 0 = -z - 4*m + 3*m + 507. Let x = -7567 - -7669. Calculate the remainder when z is divided by x.
100
Let q = -20213 - -20293. Let t(f) = 2*f**2 - 8*f - 2. What is the remainder when q is divided by t(6)?
14
Let s(w) = 11*w + 5. What is the remainder when s(3) is divided by (0 + -2)*(-4 + -3)?
10
Let s(f) = 163*f + 4175. Calculate the remainder when 439 is divided by s(-25).
39
Suppose 4*k = -3*q, 0 = -k - 0*q - q. Suppose -3*o + k - 12 = 0. Let i = o + 10. Calculate the remainder when 28 is divided by i.
4
Let a(j) = 23*j**3 + 12*j**2 - 65*j + 58. What is the remainder when a(8) is divided by 53?
51
Let n = 103 - 153. Let x = 52 + n. What is the remainder when ((-52)/(-10) + x)/(6/15) is divided by 4?
2
Let o(s) = 2*s**3 + 31*s**2 + 21*s - 38. What is the remainder when o(-13) is divided by 75?
9
Let s(b) = -b**2 - 20*b + 82. Calculate the remainder when s(0) is divided by 17.
14
Suppose -m + 640 = -v, -2*m + 6*m + 3*v - 2532 = 0. Suppose -30*u + 24*u = -m. What is the remainder when u is divided by 18?
16
Let z(m) = 2*m**3 + 153*m**2 - 90*m - 416. Calculate the remainder when z(-77) is divided by 90.
45
Let y(d) = 50*d**2 + 36*d + 31. What is the remainder when y(-2) is divided by 75?
9
Suppose 0 = 3*a + 5*q - 3945, -5*q - 1108 = 8*a - 11678. What is the remainder when a is divided by 14?
9
Let d = -12 + 40. Let h(j) = -j**3 + 14*j**2 + 21*j + 17. What is the remainder when h(15) is divided by d?
23
Suppose -50*o - 328 = -52*o. Suppose 0 = -4*r - 4*v + o, -5*r - 2*v = -0*v - 193. Calculate the remainder when 295 is divided by r.
36
Suppose -4*t - 518 = 146. Let h = -107 - t. Let u = h + -53. Calculate the remainder when u is divided by 1.
0
Let o(m) = 4*m**2 - 7*m - 5. Suppose -u - 10 = -29. Suppose u*r = 24*r - 110. Calculate the remainder when o(5) is divided by r.
16
Calculate the remainder when ((-3152)/400 - -8)*5 + 4634/10 is divided by 254.
210
Let z be 794/(-14) - (-20)/(-70). What is the remainder when (441/(-28))/(21/700*-5) is divided by 0 - (1 + 2) - z?
51
Suppose 0 = -77*q + 253*q - 7568. Calculate the remainder when 165 is divided by q.
36
Suppose 3*b + 13*b - 12*b - 700 = 0. Suppose 3*h = -4*h + 322. Calculate the remainder when b is divided by h.
37
Suppose 252*j = 237*j + 2100. Calculate the remainder when j is divided by 83.
57
Let x be (-212)/(-2)*1 - -4. Suppose -3*q - q + 32 = 0. What is the remainder when x/(-5)*1/(-2) is divided by q?
3
Suppose -750 = -3*d - 3*b, 0 = 5*d - 6*b + b - 1200. Let n = d + -150. Calculate the remainder when n is divided by 32.
31
Suppose -35*l - 109*l = -47213 - 586963. Calculate the remainder when l is divided by 42.
36
Suppose 2*q = 2*u - 94, -7*u + 329 = 28*q - 27*q. Suppose -h - 4 = -17. What is the remainder when u is divided by h?
8
Suppose -80 = -2*d - 4*p, 2*d + 0*d + 3*p = 81. Calculate the remainder when (1568/d)/(((-12)/9)/(-4)) is divided by 38.
36
Let o be -10 - ((-5)/(-5) + -2). Let a(u) = 35*u - 33. Let n(k) = 9*k - 8. Let x(h) = o*n(h) + 2*a(h). Calculate the remainder when 33 is divided by x(-1).
16
Suppose -1073 = 265*y - 7698. Calculate the remainder when 646 is divided by y.
21
Suppose -798 = -10*r + 3*r. Let i be (r/(-12) - -7) + (-2)/(-4). What is the remainder when 41 is divided by (30/(-12))/(-2*i/(-24))?
11
Suppose -3*k + 31 = u, 0*u = -k + 2*u + 1. Let z = -38 - -136. Suppose 33*x - 31*x - z = 0. What is the remainder when x is divided by k?
4
Let i(x) = -6*x**3 + 8*x**2 + 30*x + 7. Calculate the remainder when 915 is divided by i(-3).
9
Let x = 20 - 2. Let i be (43/(-3))/(x/54). What is the remainder when (-96)/(-16)*i/(-2) is divided by 10?
9
Let d = 630 + -403. Calculate the remainder when 1118 is divided by d.
210
Let g(a) = 13*a + 19. Let o = 13 - 5. Suppose 0*t = -n + 3*t + 19, -5*t = -10. Calculate the remainder when g(o) is divided by n.
23
Let u(b) = 2*b - 31. Let s be u(7). Let v be s/15*-39 - 2/10. Let p = v + -39. Calculate the remainder when 49 is divided by p.
4
Let z = 176 + -174. Suppose 0 = -2*x + z*u + 168, 427 = -0*x + 5*x + 2*u. Suppose h - 2*h = -22. What is the remainder when x is divided by h?
19
Calculate the remainder when 746 is divided by ((-4)/12)/((-16)/64*4/1119).
0
Suppose -66*r + 2189 + 785 + 1448 = 0. Calculate the remainder when 6293 is divided by r.
62
Let k = 79 - 46. Let j be (-3)/(5 + 1011/(-204)). Let u = j - -85. Calculate the remainder when k is divided by u.
16
Let y(a) = -a**3 + 8*a**2 - 4*a - 5. Suppose 12 = -m + 3*m. Let p(c) = c**3 - 2*c**2 - 18*c - 32. Calculate the remainder when y(m) is divided by p(6).
3
Let c(n) = -4*n**3 + 37*n - 11. Let w be c(5). Let a = -182 - w. Calculate the remainder when a is divided by 30.
24
Let i = -10428 - -11178. Calculate the remainder when i is divided by 92.
14
Suppose -2*u = -39*u + 111. Suppose o - u*g - 241 = -0*g, 5*g - 438 = -2*o. Calculate the remainder when o is divided by 60.
49
